{"id":143,"date":"2025-09-08T00:30:37","date_gmt":"2025-09-08T00:30:37","guid":{"rendered":"https:\/\/jazminaguilar.cl\/?page_id=143"},"modified":"2025-09-08T01:05:15","modified_gmt":"2025-09-08T01:05:15","slug":"conoceme","status":"publish","type":"page","link":"https:\/\/jazminaguilar.cl\/?page_id=143","title":{"rendered":"Con\u00f3ceme"},"content":{"rendered":"\n<div class=\"wp-block-group alignfull has-global-padding is-content-justification-center is-layout-constrained wp-block-group-is-layout-constrained\" style=\"margin-top:0;margin-bottom:0\">\n<div style=\"height:var(--wp--preset--spacing--20)\" aria-hidden=\"true\" class=\"wp-block-spacer\"><\/div>\n\n\n\n<p class=\"has-text-align-center has-secondary-color has-text-color has-link-color has-big-font-size wp-elements-5fa47da49a2f78db7b4a95682eede05f\">Soy Jazm\u00edn Aguilar Ortiz<\/p>\n\n\n\n<p class=\"has-primary-color has-text-color has-link-color wp-elements-b52b026b5dbfbeeee2e0ef478e10574f\">Nac\u00ed en Arica, con ra\u00edces aymar\u00e1s que me ense\u00f1aron el valor de la comunidad y el respeto por la tierra. Soy mam\u00e1 de Santiago y Gabriela, quienes son mi mayor inspiraci\u00f3n para trabajar por un Chile m\u00e1s justo, donde todas las familias puedan vivir con dignidad y seguridad.<\/p>\n\n\n\n<div class=\"wp-block-group alignwide is-layout-flow wp-block-group-is-layout-flow\">\n<div class=\"wp-block-columns alignwide is-layout-flex wp-container-core-columns-is-layout-5c8fb865 wp-block-columns-is-layout-flex\">\n<div class=\"wp-block-column is-vertically-aligned-center has-global-padding is-content-justification-center is-layout-constrained wp-container-core-column-is-layout-938a57f1 wp-block-column-is-layout-constrained\">\n<figure class=\"wp-block-image size-large\"><img loading=\"lazy\" decoding=\"async\" width=\"938\" height=\"1024\" src=\"https:\/\/jazminaguilar.cl\/wp-content\/uploads\/2025\/09\/biografia-foto-938x1024.png\" alt=\"\" class=\"wp-image-145\" srcset=\"https:\/\/jazminaguilar.cl\/wp-content\/uploads\/2025\/09\/biografia-foto-938x1024.png 938w, https:\/\/jazminaguilar.cl\/wp-content\/uploads\/2025\/09\/biografia-foto-275x300.png 275w, https:\/\/jazminaguilar.cl\/wp-content\/uploads\/2025\/09\/biografia-foto-768x838.png 768w, https:\/\/jazminaguilar.cl\/wp-content\/uploads\/2025\/09\/biografia-foto.png 1250w\" sizes=\"auto, (max-width: 938px) 100vw, 938px\" \/><\/figure>\n<\/div>\n\n\n\n<div class=\"wp-block-column is-vertically-aligned-top is-layout-flow wp-block-column-is-layout-flow\" style=\"flex-basis:50%\">\n<p class=\"has-primary-color has-text-color has-link-color wp-elements-453843639e3c6be1c56bbb4b34b701fb\"><br>Soy psic\u00f3loga y profesora, con un Diplomado en Gerencia P\u00fablica en la Universidad de Chile y un Mag\u00edster en Inclusi\u00f3n Laboral de Personas con Discapacidad en la UNAB. Tambi\u00e9n soy int\u00e9rprete en lengua de se\u00f1as chilena, lo que me ha permitido acompa\u00f1ar y defender a comunidades que muchas veces han sido invisibilizadas. He dedicado mi vida a la inclusi\u00f3n y la accesibilidad en todas sus formas, impulsando iniciativas especialmente para las personas neurodivergentes y en situaci\u00f3n de discapacidad.<\/p>\n\n\n\n<p class=\"has-primary-color has-text-color has-link-color wp-elements-b8ca735a7624c58cd277bba8da824014\" style=\"margin-top:0;margin-right:0;margin-bottom:0;margin-left:0\"><br>Fui elegida dos veces Consejera Regional en Santiago, donde promov\u00ed proyectos en materia de seguridad barrial, derechos de personas mayores y pol\u00edticas inclusivas, siempre en di\u00e1logo con vecinas, vecinos y organizaciones sociales.<\/p>\n\n\n\n<p class=\"has-primary-color has-text-color has-link-color wp-elements-45df10975676ddbd9b72e511e2beb107\" style=\"padding-top:0;padding-bottom:0\">Mi historia es la de muchas mujeres de la Regi\u00f3n de Valpara\u00edso: esfuerzo, resiliencia y compromiso con la gente. En nuestras comunas del Gran Valpara\u00edso, San Antonio, Quillota y el Aconcagua, he conocido la realidad de las familias que enfrentan la falta de agua, la inseguridad y la ausencia de pol\u00edticas p\u00fablicas efectivas. Esa cercan\u00eda es la que me mueve a dar este paso.<\/p>\n\n\n\n<p class=\"has-primary-color has-text-color has-link-color wp-elements-b1d61521276e3dcb8923ba29985f2d23\">Hoy asumo este desaf\u00edo porque creo firmemente que la pol\u00edtica debe volver a escuchar y entregar soluciones reales. Mi candidatura al Senado es una invitaci\u00f3n a que juntas y juntos construyamos un Chile donde la salud mental, la inclusi\u00f3n, la seguridad y la dignidad de todas las personas est\u00e9n en el centro de las decisiones.<\/p>\n<\/div>\n<\/div>\n\n\n\n<div style=\"height:0.44rem\" aria-hidden=\"true\" class=\"wp-block-spacer\"><\/div>\n<\/div>\n\n\n\n<div style=\"height:7px\" aria-hidden=\"true\" class=\"wp-block-spacer\"><\/div>\n<\/div>\n","protected":false},"excerpt":{"rendered":"<p>Soy Jazm\u00edn Aguilar Ortiz Nac\u00ed en Arica, con ra\u00edces aymar\u00e1s que me ense\u00f1aron el valor de la comunidad y el respeto por la tierra. Soy mam\u00e1 de Santiago y Gabriela, quienes son mi mayor inspiraci\u00f3n para trabajar por un Chile m\u00e1s justo, donde todas las familias puedan vivir con dignidad y seguridad. Soy psic\u00f3loga y [&hellip;]<\/p>\n","protected":false},"author":1,"featured_media":0,"parent":0,"menu_order":0,"comment_status":"closed","ping_status":"closed","template":"","meta":{"footnotes":""},"class_list":["post-143","page","type-page","status-publish","hentry"],"_links":{"self":[{"href":"https:\/\/jazminaguilar.cl\/index.php?rest_route=\/wp\/v2\/pages\/143","targetHints":{"allow":["GET"]}}],"collection":[{"href":"https:\/\/jazminaguilar.cl\/index.php?rest_route=\/wp\/v2\/pages"}],"about":[{"href":"https:\/\/jazminaguilar.cl\/index.php?rest_route=\/wp\/v2\/types\/page"}],"author":[{"embeddable":true,"href":"https:\/\/jazminaguilar.cl\/index.php?rest_route=\/wp\/v2\/users\/1"}],"replies":[{"embeddable":true,"href":"https:\/\/jazminaguilar.cl\/index.php?rest_route=%2Fwp%2Fv2%2Fcomments&post=143"}],"version-history":[{"count":9,"href":"https:\/\/jazminaguilar.cl\/index.php?rest_route=\/wp\/v2\/pages\/143\/revisions"}],"predecessor-version":[{"id":169,"href":"https:\/\/jazminaguilar.cl\/index.php?rest_route=\/wp\/v2\/pages\/143\/revisions\/169"}],"wp:attachment":[{"href":"https:\/\/jazminaguilar.cl\/index.php?rest_route=%2Fwp%2Fv2%2Fmedia&parent=143"}],"curies":[{"name":"wp","href":"https:\/\/api.w.org\/{rel}","templated":true}]}}