{"id":278,"date":"2025-09-28T02:28:47","date_gmt":"2025-09-28T02:28:47","guid":{"rendered":"https:\/\/jazminaguilar.cl\/?page_id=278"},"modified":"2025-09-28T02:41:57","modified_gmt":"2025-09-28T02:41:57","slug":"programa-senatorial","status":"publish","type":"page","link":"https:\/\/jazminaguilar.cl\/?page_id=278","title":{"rendered":"Programa Senatorial"},"content":{"rendered":"\n<p class=\"has-text-align-center has-primary-color has-text-color has-link-color wp-elements-90298da9d857b2e5004bea4c1768997f\" style=\"font-size:32px\"><strong>Programa Senatorial\u00a0<\/strong><\/p>\n\n\n\n<p class=\"has-text-align-center has-primary-color has-text-color has-link-color wp-elements-420a065fb236077fe9d790e2fdf7e155\" style=\"font-size:32px\">Regi\u00f3n de Valpara\u00edso<\/p>\n\n\n\n<p class=\"has-vivid-cyan-blue-color has-text-color has-link-color wp-elements-27162b2fecb9e7fd66552dfc2276df5b\"><strong>Candidata: Jazm\u00edn Aguilar Ortiz<\/strong><\/p>\n\n\n\n<h1 class=\"wp-block-heading has-primary-color has-text-color has-link-color wp-elements-a146e813ecd8f5562bb2bcd2377ac9b3\" style=\"font-size:22px\"><strong>Introducci\u00f3n<\/strong><\/h1>\n\n\n\n<p class=\"has-text-color has-link-color wp-elements-30ead6c8479cddb7281e389d90728d12\" style=\"color:#444444\">Este programa tiene como objetivo presentar los principales lineamientos de la candidatura al Senado por la Regi\u00f3n de Valpara\u00edso de Jazm\u00edn Aguilar Ortiz. Se estructura en tres ejes centrales (Seguridad, Salud Mental y Trabajo) y en subtemas transversales que complementan una mirada integral de desarrollo regional.<\/p>\n\n\n\n<h1 class=\"wp-block-heading has-primary-color has-text-color has-link-color wp-elements-60a99b706823cea14a05ee100f9f11ad\" style=\"font-size:22px\"><strong>Ejes Program\u00e1ticos<\/strong><\/h1>\n\n\n\n<h2 class=\"wp-block-heading has-primary-color has-text-color has-link-color wp-elements-d9678ad11ccecbee3db39e1ca9ea4a7d\" style=\"font-size:22px\"><strong>1. Seguridad<\/strong><\/h2>\n\n\n\n<p class=\"has-text-color has-link-color wp-elements-68b65f8d37e620e5846e19c8e13a9dab\" style=\"color:#444444\">La seguridad es una de las principales preocupaciones de las familias en la Regi\u00f3n de Valpara\u00edso. La violencia, el narcotr\u00e1fico y la delincuencia afectan la calidad de vida, pero tambi\u00e9n la confianza en las instituciones. Este eje busca plantear propuestas que fortalezcan la prevenci\u00f3n, la coordinaci\u00f3n institucional y la recuperaci\u00f3n de los espacios comunitarios.<\/p>\n\n\n\n<p class=\"has-text-color has-link-color wp-elements-4ef66875aead4ad20aaa4a90a271d8cc\" style=\"color:#444444\">&#8211;<strong> Prevenci\u00f3n del delito: <\/strong>Planes comunitarios de seguridad en barrios y comunas.<\/p>\n\n\n\n<p class=\"has-text-color has-link-color wp-elements-148fa1fece59da0d058cf74699fa9628\" style=\"color:#444444\"><strong>&#8211; Fortalecimiento institucional: <\/strong>Mejorar la coordinaci\u00f3n entre polic\u00edas, municipios y fiscal\u00edas.<\/p>\n\n\n\n<p class=\"has-text-color has-link-color wp-elements-8e1ee9311644d1d3817805628cb5152c\" style=\"color:#444444\"><strong>&#8211; Narcotr\u00e1fico y crimen organizado: <\/strong>Iniciativas legislativas para frenar el avance en puertos y barrios vulnerables.<\/p>\n\n\n\n<p class=\"has-text-color has-link-color wp-elements-67c15dadf97c95824500f31b44cf3d05\" style=\"color:#444444\"><strong>&#8211; Seguridad barrial:<\/strong> Recuperaci\u00f3n de espacios p\u00fablicos y programas de iluminaci\u00f3n, cultura y deporte como factores preventivos.<\/p>\n\n\n\n<h2 class=\"wp-block-heading has-primary-color has-text-color has-link-color wp-elements-e27ca87e72e2b1bfe2709bf889c98871\" style=\"font-size:22px\"><strong>2. Salud Mental<\/strong><\/h2>\n\n\n\n<p class=\"has-text-color has-link-color wp-elements-efe9ec9bd6f9fd14eead5a20120f7f89\" style=\"color:#444444\">La salud mental ha sido hist\u00f3ricamente relegada en las pol\u00edticas p\u00fablicas, pese a ser un problema que afecta a miles de personas y familias en la regi\u00f3n. El desaf\u00edo es garantizar acceso oportuno, descentralizado y con enfoque comunitario, especialmente en un contexto donde la prevenci\u00f3n es clave para salvar vidas.<\/p>\n\n\n\n<p class=\"has-text-color has-link-color wp-elements-605a0d4a24ff7ced47b298dd5bbd6c40\" style=\"color:#444444\"><strong>&#8211; Acceso garantizado:<\/strong> Aumentar cobertura en centros de atenci\u00f3n primaria y hospitales de la regi\u00f3n.<\/p>\n\n\n\n<p class=\"has-text-color has-link-color wp-elements-be80ab52ec082d59e11d26c818fd9f35\" style=\"color:#444444\"><strong>&#8211; Atenci\u00f3n en crisis:<\/strong> Creaci\u00f3n de unidades de respuesta r\u00e1pida para intentos de suicidio y emergencias psiqui\u00e1tricas.<\/p>\n\n\n\n<p class=\"has-text-color has-link-color wp-elements-2d66981ff3b15e49440f26e29b104e69\" style=\"color:#444444\"><strong>&#8211; Educaci\u00f3n y prevenci\u00f3n:<\/strong> Programas de salud mental en escuelas y espacios laborales.<\/p>\n\n\n\n<p class=\"has-text-color has-link-color wp-elements-c705cd8dfbd0aa6c4fa171cb473873a6\" style=\"color:#444444\"><strong>&#8211; Descentralizaci\u00f3n:<\/strong> M\u00e1s especialistas en comunas peque\u00f1as y rurales de la regi\u00f3n.<\/p>\n\n\n\n<h2 class=\"wp-block-heading has-primary-color has-text-color has-link-color wp-elements-b22d522347b4ce90c5fa5ad793854967\" style=\"font-size:22px\"><strong>3. Trabajo<\/strong><\/h2>\n\n\n\n<p class=\"has-text-color has-link-color wp-elements-8ca8d0e6961a11818a582ed405e244f0\" style=\"color:#444444\">La Regi\u00f3n de Valpara\u00edso enfrenta desaf\u00edos estructurales en materia de empleo. La cesant\u00eda, la precariedad laboral y la falta de oportunidades afectan principalmente a j\u00f3venes, mujeres y sectores productivos como el portuario, agr\u00edcola y tur\u00edstico. Este eje propone medidas para dinamizar la econom\u00eda, crear empleo digno y abrir espacios a nuevas industrias.<\/p>\n\n\n\n<p class=\"has-text-color has-link-color wp-elements-b4a7fcfc80b2f44378661802ff8b8dea\" style=\"color:#444444\"><strong>&#8211; Empleo digno: <\/strong>Pol\u00edticas de fomento al empleo en la regi\u00f3n, especialmente en sectores con alta cesant\u00eda.<\/p>\n\n\n\n<p class=\"has-text-color has-link-color wp-elements-e0538fb8a80ea9ce2e093ae42c388bdc\" style=\"color:#444444\"><strong>&#8211; Econom\u00eda local:<\/strong> Apoyo a microempresas, comercio local, turismo y emprendimiento femenino y juvenil.<\/p>\n\n\n\n<p class=\"has-text-color has-link-color wp-elements-11ea75c333cb77804ffff6ea4332e8e0\" style=\"color:#444444\"><strong>&#8211; Trabajo decente: <\/strong>Fiscalizaci\u00f3n para garantizar condiciones laborales justas, con foco en el sector portuario y agr\u00edcola.<\/p>\n\n\n\n<p class=\"has-text-color has-link-color wp-elements-f4f264f85c70e7e357f69f858dddea49\" style=\"color:#444444\"><strong>&#8211; Nuevos empleos:<\/strong> Incentivos a la econom\u00eda verde, industrias creativas y tecnolog\u00eda.<\/p>\n\n\n\n<h1 class=\"wp-block-heading has-primary-color has-text-color has-link-color wp-elements-f1458a68057aca6a432084f568666702\" style=\"font-size:22px\"><strong>Subtemas Transversales<\/strong><\/h1>\n\n\n\n<ul class=\"wp-block-list\">\n<li class=\"has-secondary-color has-text-color has-link-color wp-elements-730c113597adf50b0a57bafc4f1a393a\"><strong>Neurodivergencia<\/strong><\/li>\n<\/ul>\n\n\n\n<p class=\"has-text-color has-link-color wp-elements-11e99afe8d11b0008bf1098f43b1502f\" style=\"color:#444444\">Las personas neurodivergentes enfrentan barreras estructurales en el acceso a educaci\u00f3n, salud y empleo. Es necesario avanzar hacia una legislaci\u00f3n que reconozca la diversidad y brinde apoyo real a las familias, a trav\u00e9s de inclusi\u00f3n efectiva y oportunidades de desarrollo.<\/p>\n\n\n\n<p class=\"has-text-color has-link-color wp-elements-35e740fcc002ca68f5d68dc3bf6ce30d\" style=\"color:#444444\">&#8211; Reforma a la Ley TEA y ampliaci\u00f3n a todas las condiciones del espectro neurodivergente.<\/p>\n\n\n\n<p class=\"has-text-color has-link-color wp-elements-b80a48126f636f64055d7cdd8b5a6b1c\" style=\"color:#444444\">&#8211; Programas de inclusi\u00f3n laboral y educativa reales.<\/p>\n\n\n\n<p class=\"has-text-color has-link-color wp-elements-086cbed5fca981e99b19e328f9023246\" style=\"color:#444444\">&#8211; Acceso a diagn\u00f3stico y terapias en toda la regi\u00f3n.<\/p>\n\n\n\n<ul class=\"wp-block-list\">\n<li class=\"has-secondary-color has-text-color has-link-color wp-elements-fd551ff8c2d41d267a0e13c5d3d45eba\"><strong>Animalismo<\/strong><\/li>\n<\/ul>\n\n\n\n<p class=\"has-text-color has-link-color wp-elements-7f8871e8ec0546319a537046b493d786\" style=\"color:#444444\">La relaci\u00f3n con los animales refleja tambi\u00e9n los valores de nuestra sociedad. Este eje busca promover la tenencia responsable, la protecci\u00f3n frente al maltrato y la educaci\u00f3n en respeto hacia los animales, como parte de una cultura m\u00e1s emp\u00e1tica y consciente.<\/p>\n\n\n\n<p class=\"has-text-color has-link-color wp-elements-7d758b87b1390704524622122a03cd37\" style=\"color:#444444\">&#8211; Endurecer penas contra el maltrato animal.<\/p>\n\n\n\n<p class=\"has-text-color has-link-color wp-elements-146c0db3d9a6f0c7032ecbdfe8363aef\" style=\"color:#444444\">&#8211; Promover esterilizaci\u00f3n y tenencia responsable en coordinaci\u00f3n con municipios.<\/p>\n\n\n\n<p class=\"has-text-color has-link-color wp-elements-5540886bad846e97bf4715953c03f80e\" style=\"color:#444444\">&#8211; Fomento a la educaci\u00f3n en respeto a los animales en colegios.<\/p>\n\n\n\n<ul class=\"wp-block-list\">\n<li class=\"has-secondary-color has-text-color has-link-color wp-elements-857ca992dccd02a921afdf2d2817e347\"><strong>Transporte y conectividad<\/strong><\/li>\n<\/ul>\n\n\n\n<p class=\"has-text-color has-link-color wp-elements-8d7ed92316b2d613697b233e26362693\" style=\"color:#444444\">La conectividad es clave para el desarrollo y la equidad territorial. La Regi\u00f3n de Valpara\u00edso enfrenta graves problemas de transporte p\u00fablico, congesti\u00f3n y falta de accesibilidad en zonas rurales. Este eje propone avanzar hacia soluciones integrales en transporte y conectividad digital.<\/p>\n\n\n\n<p class=\"has-text-color has-link-color wp-elements-36050de2698d135ce9e5f3f7a73ea1eb\" style=\"color:#444444\">&#8211; Impulsar un Plan Integral de Transporte para la Regi\u00f3n de Valpara\u00edso (tren, buses, metro, conectividad rural).<\/p>\n\n\n\n<p class=\"has-text-color has-link-color wp-elements-8e76c23b1082db83e6358e3e46d4a4a6\" style=\"color:#444444\">&#8211; Mejorar accesibilidad de transporte p\u00fablico para personas con discapacidad y adultos mayores.<\/p>\n\n\n\n<p class=\"has-text-color has-link-color wp-elements-4fe8664b8e3e0ebd0ca5bb98f22a44c5\" style=\"color:#444444\">&#8211; Avanzar en conectividad digital: internet de calidad en sectores rurales y costeros.<\/p>\n\n\n\n<h1 class=\"wp-block-heading has-primary-color has-text-color has-link-color wp-elements-4efcbf6083736d8d9b7bfb45774933ef\" style=\"font-size:22px\"><strong>Conclusi\u00f3n<\/strong><\/h1>\n\n\n\n<p class=\"has-text-color has-link-color wp-elements-3bb506418d2b51a15b3bb2d6deb3bdac\" style=\"color:#444444\">El Senado no puede seguir siendo un espacio distante de las necesidades de la ciudadan\u00eda. Desde la Regi\u00f3n de Valpara\u00edso levantamos una propuesta que no solo recoge las preocupaciones de seguridad, salud mental y trabajo, sino que tambi\u00e9n incorpora la inclusi\u00f3n, el respeto a la diversidad y el desarrollo equitativo como pilares de un Chile m\u00e1s justo.<\/p>\n\n\n\n<p class=\"has-text-color has-link-color wp-elements-84337188a6ee56ca9b8f44777f0107c0\" style=\"color:#444444\">Este programa es una hoja de ruta que nace del territorio y de la experiencia comunitaria, y que busca transformar esas demandas en pol\u00edticas concretas. Nuestro compromiso es disputar en el Congreso las decisiones que afectan directamente a la vida de las personas, con independencia, con visi\u00f3n regional y con un profundo sentido de justicia social.<\/p>\n\n\n\n<p class=\"has-text-color has-link-color wp-elements-f70a2fb895d675eb90d1655dc027d93d\" style=\"color:#444444\">El desaf\u00edo es claro: que la Regi\u00f3n de Valpara\u00edso tenga una voz firme y clara en el Senado, que defienda sus intereses frente a los abusos, que garantice derechos y que abra camino a una sociedad m\u00e1s digna e inclusiva para todas y todos.<\/p>\n","protected":false},"excerpt":{"rendered":"<p>Programa Senatorial\u00a0 Regi\u00f3n de Valpara\u00edso Candidata: Jazm\u00edn Aguilar Ortiz Introducci\u00f3n Este programa tiene como objetivo presentar los principales lineamientos de la candidatura al Senado por la Regi\u00f3n de Valpara\u00edso de Jazm\u00edn Aguilar Ortiz. Se estructura en tres ejes centrales (Seguridad, Salud Mental y Trabajo) y en subtemas transversales que complementan una mirada integral de desarrollo [&hellip;]<\/p>\n","protected":false},"author":1,"featured_media":0,"parent":0,"menu_order":0,"comment_status":"closed","ping_status":"closed","template":"","meta":{"footnotes":""},"class_list":["post-278","page","type-page","status-publish","hentry"],"_links":{"self":[{"href":"https:\/\/jazminaguilar.cl\/index.php?rest_route=\/wp\/v2\/pages\/278","targetHints":{"allow":["GET"]}}],"collection":[{"href":"https:\/\/jazminaguilar.cl\/index.php?rest_route=\/wp\/v2\/pages"}],"about":[{"href":"https:\/\/jazminaguilar.cl\/index.php?rest_route=\/wp\/v2\/types\/page"}],"author":[{"embeddable":true,"href":"https:\/\/jazminaguilar.cl\/index.php?rest_route=\/wp\/v2\/users\/1"}],"replies":[{"embeddable":true,"href":"https:\/\/jazminaguilar.cl\/index.php?rest_route=%2Fwp%2Fv2%2Fcomments&post=278"}],"version-history":[{"count":5,"href":"https:\/\/jazminaguilar.cl\/index.php?rest_route=\/wp\/v2\/pages\/278\/revisions"}],"predecessor-version":[{"id":284,"href":"https:\/\/jazminaguilar.cl\/index.php?rest_route=\/wp\/v2\/pages\/278\/revisions\/284"}],"wp:attachment":[{"href":"https:\/\/jazminaguilar.cl\/index.php?rest_route=%2Fwp%2Fv2%2Fmedia&parent=278"}],"curies":[{"name":"wp","href":"https:\/\/api.w.org\/{rel}","templated":true}]}}